**3 + 3*b + 4*b + b. Determine w(c).
8
Let t(w) be the second derivative of -w**4/12 + 7*w**3/6 - 3*w**2/2 - 5*w. Let f be t(6). Let z(r) = 0 + 2*r**2 + 4*r + 2*r**2 + r**f + 0. Calculate z(-3).
-3
Let p = 8 + -5. Suppose 4*w = 3*w + 1. Let r(q) = 4*q + w - 3*q + 2*q - 6*q. What is r(p)?
-8
Let t = -1 + -1. Let a(n) = -8*n**3 + 19*n**2 - 6*n - 6. Let w(d) = 3*d**3 - 7*d**2 + 2*d + 2. Let p(y) = 4*a(y) + 11*w(y). Determine p(t).
-10
Let p(s) be the second derivative of -13*s**3/6 - 2*s**2 - 29*s. Let z(c) = -3*c - 1. Let v(j) = 2*p(j) - 9*z(j). Determine v(8).
9
Let t(h) = h + 2. Suppose -k - 5*r = 47, r = -0 - 3. Let q = -49 - k. Let d = q - -21. Calculate t(d).
6
Let b(u) = -17*u + 1. Let p be b(1). Let n = 18 + p. Let w be n/(-1) + (6 - 2). Let t(v) = -v**3 + 3*v**2 - 2*v + 3. Calculate t(w).
3
Let r(c) be the third derivative of c**5/60 - 13*c**4/24 + c**3 + 8*c**2 + 2. What is r(10)?
-24
Let r(u) = -4 + u - 2 + 0*u. Suppose 7 + 11 = -9*a. Let w be 5 + (1 - (-5 - a - -4)). Calculate r(w).
-1
Let c(v) = -3 + 2 + 4*v + 4*v. Let j(l) = l. Let s(d) = -c(d) + 6*j(d). Suppose -2*g + 5*a = -14, 5*a + 0 + 26 = -2*g. Determine s(g).
7
Let n(c) be the third derivative of -1/60*c**5 + 0 + 1/6*c**3 + 2*c**2 - 1/24*c**4 + 0*c. Calculate n(2).
-5
Let s(z) = z**3 + z**2 - 22. Suppose -5*i + 15 = 0, 5*r - 7*r + 4*i - 12 = 0. Calculate s(r).
-22
Let g(a) = a**2 + 7*a + 5. Let q be (3/2)/(((-114)/20)/19). What is g(q)?
-5
Let g(j) = j**3 + j - 6. Let y be g(0). Let x(d) be the first derivative of 11 - 4*d**2 - 7*d - 1/3*d**3. Give x(y).
5
Let a(f) = f**2 + 5*f - 4. Suppose 3*g = v - 26, 5*v - 30 - 30 = g. Let q = -6 + v. Suppose q*z = z - 20. Give a(z).
-4
Let g(x) = 17*x + 9. Let y(k) = 5*k + 3. Let s(d) = -4*g(d) + 11*y(d). Let q(l) = -l. Let c(b) = 5*q(b) - s(b). Calculate c(-3).
-21
Let q be 0/((-9)/3) + 4. Let k(o) = -1 + q*o + 3 + 0*o - 3*o. Let s = -3 + -2. Determine k(s).
-3
Let p(o) = -2*o + 5. Let x = 588 - 600. Calculate p(x).
29
Suppose -m + 18 = -27. Suppose -m*k = -44*k + 6. Let o(s) = -9*s - 39. Let j(r) = 2*r + 8. Let b(a) = -24*j(a) - 5*o(a). Give b(k).
21
Let d(i) = i**2 - 3*i**3 - 20*i**2 + i + 4*i**3 + 11*i**2 + 17*i**2 + 4. Give d(-9).
-5
Let g(a) = 2*a**3 + 7*a**2 - 7*a - 9. Suppose -y + 5*w = 9, y - w + 5 = -0*y. What is g(y)?
3
Let j(i) = 5*i + 3. Let d(m) = 6*m + 3. Let k(g) = 6*d(g) - 7*j(g). What is k(-6)?
-9
Let w be (-14)/(-70) + (-2)/10. Suppose -y + w = 3. Let z(o) = 2*o**2 - o - 4. What is z(y)?
17
Let t = 46 - 42. Let p(o) = -4 - o**2 - 5*o + 2*o + 5 + 2*o. Determine p(t).
-19
Suppose 0 = -0*r + 10*r - 30. Suppose 0*q + r*c = -q - 9, 0 = 4*q + 3*c - 9. Let y(g) = 3*g + 7. Calculate y(q).
25
Let j(v) = -v**2 - 3*v - 4. Let l(q) = q**2 + 14*q + 45. Let s be l(-6). Determine j(s).
-4
Let k(n) be the third derivative of n**4/12 + n**3/2 + 27*n**2 + 2*n. What is k(3)?
9
Let x be (2 - 1)/((-3)/(-24)). Suppose 4*b - 3*u + 39 = -0*b, 0 = -2*b - 4*u + x. Let q(y) = -4 + 3 + 8 - 4*y - y**2. Give q(b).
-5
Let f(l) = 2*l + 35. Let g be f(-18). Let v(y) = -7*y + 2. Calculate v(g).
9
Let j(n) be the second derivative of -n**5/20 - n**4/2 + 2*n**3/3 + 3*n**2 - 348*n. Calculate j(-5).
-39
Let u(n) be the third derivative of n**4/4 + n**3/6 - 36*n**2. Give u(-2).
-11
Let h(q) = -q + 2. Suppose -3 - 1 = -4*f. Let k be f + -1 - 6 - 1. Determine h(k).
9
Let t(v) = v**2. Let m(q) = -q**3 - 9*q**2 + 1. Let b be m(-9). Let a(w) = -3*w**2 + 5*w - 2. Let f(d) = b*a(d) + 5*t(d). Determine f(-4).
10
Let w(p) be the third derivative of p**5/60 - p**4/12 - 15*p**3/2 + 23*p**2. Let r(q) be the first derivative of w(q). Give r(3).
4
Let f be (-297)/(-81) - (1 + 8/(-6)). Let d = 6 + -4. Let w be d/f*-2 - -2. Let q(o) = 16*o**2 - o. Calculate q(w).
15
Let p(c) = -2*c + 3. Suppose -4*q + 11 + 7 = 2*s, -2*s - 3 = q. Let x be (0 + -4 + 5/(-10))*-2. Let v = x - q. Give p(v).
-1
Let r(s) = s**3 - 4*s**2 - s + 4. Let o be r(4). Let t(u) be the second derivative of u - 1/6*u**3 + 0 - 3*u**2 - 1/12*u**4. Calculate t(o).
-6
Let y(b) = -27*b + 154. Let l be y(6). Let r(d) = -d**2 - 4*d + 12. Determine r(l).
-20
Let l(u) = u**2 + 2*u - 2. Let b be 1*(5 + -2) - 6. Let r be (-1)/2*(3 + b). Let o = -3 - r. Determine l(o).
1
Let m be 9/(-45)*5 + 7/6. Let k(l) be the second derivative of -1/12*l**4 - m*l**3 - 3*l + 1/20*l**5 + 0 - 2*l**2. Calculate k(0).
-4
Let w = 11 - 7. Let i(a) = 16*a**3 - 20*a**2 + 10*a - 31. Let t(o) = 3*o**3 - 4*o**2 + 2*o - 6. Suppose -l + 1 = -1. Let k(n) = l*i(n) - 11*t(n). Give k(w).
-4
Let p(f) = 4*f - 7. Let y(i) be the first derivative of -15*i + 7/2*i**2 + 2. Let z(d) = -13*p(d) + 6*y(d). What is z(-1)?
11
Let o(i) = -3*i + 13. Let r(v) = -4*v + 20. Suppose -5*z + 30 = -11*z. Let t(q) = z*r(q) + 7*o(q). Determine t(-4).
-5
Suppose 3 = 3*v - 6. Let n be 42/v - (-1 + 2). Suppose 2*s + 3*s = 4*u - n, 0 = 4*u + s - 7. Let m(g) = -3*g - 1. Give m(u).
-7
Let w(r) = 19 + 15 + 3*r - 37. Calculate w(5).
12
Suppose 2*k + 3*k + i = -8, 11 = -2*k - 3*i. Let l(a) = -5*a + 11. Let d(q) = -q. Let u(c) = k*l(c) + 6*d(c). Give u(-7).
-4
Let n(y) = -y. Suppose -4*t + 240 = 16*t. Determine n(t).
-12
Let f be (6/9)/((-2)/(-9)). Let z(g) = 33*g - 16*g - 15*g + f. Let r(i) = i**2 - 3*i - 6. Let m be r(5). Calculate z(m).
11
Let m(f) = -f**3 + 14*f**2 - 13*f + 14. Let x = 916 + -903. Determine m(x).
14
Let i(z) = 2*z**2 + 13*z - 1. Let n be i(-7). Let t be -3 + -1 - n/3. Let u(q) = q**3 + 7*q**2 + 6*q - 1. Calculate u(t).
-1
Let n(s) = 4*s + 8. Let y(l) be the first derivative of 5*l**2/2 + 8*l + 13. Let a(u) = -6*n(u) + 5*y(u). Give a(7).
-1
Let y = -8 - -8. Let b(q) = -3*q**3 + 11*q**2 + 5*q + 21. Let n(u) = -u**3 + 4*u**2 + 2*u + 6. Let r(l) = -3*b(l) + 8*n(l). What is r(y)?
-15
Let y(g) = -2*g**2 - g + 2. Suppose 0 = 3*v - 5 + 8. Suppose -3*b - 12 = b + 5*o, 5*b + 15 = o. Let d = b - v. Determine y(d).
-4
Let d(k) = -k**2 + 8*k - 1. Suppose -12*p + 9*p = -21. Determine d(p).
6
Let n(i) be the third derivative of i**5/60 - i**4/6 + i**3/2 + 38*i**2 - 4*i. Determine n(3).
0
Let b = -28 - -49. Let w = b - 8. Let k(d) = 8*d**2 - d**3 + w - 8*d**2. What is k(0)?
13
Let q(a) = a**2 + 6*a. Let i(s) = -5*s**2 - 38*s + 7. Let c(u) = -i(u) - 4*q(u). Give c(-14).
-7
Let f(z) be the second derivative of z**3/6 + 4*z**2 + z - 35. Give f(-2).
6
Let y(r) be the third derivative of -1/120*r**6 + 1/2*r**3 + 1/6*r**4 + 0*r + 0 + 1/60*r**5 + 3*r**2. Determine y(-2).
7
Let o(z) = 3*z - 9. Let y(g) = -2*g + 5. Let m(q) = 6*o(q) + 10*y(q). Let p be (-3)/(-4 + (-5)/(-2)) - -6. Let h be p - (6/10 - (-96)/40). Give m(h).
-14
Let m(n) = -2*n**3 - 5*n**2 - 3*n - 6. Let u(p) = -2*p**3 - 4*p**2 - 3*p - 5. Suppose 9*z + 17 + 28 = 0. Let a(b) = z*u(b) + 4*m(b). Give a(-2).
-21
Suppose -10 = 4*x + 2*n + 4, 5*x - n + 14 = 0. Let i(z) = -6*z + 2*z + 0*z + 0 - 2*z**2 - 2. Give i(x).
-8
Let w be 14/(-2)*(3 + 0 - 2). Let s = 3 + w. Let c(q) = 0*q - 2*q - 2 - q. Give c(s).
10
Let n(p) = 9*p**3 - 2*p + 1. Let s = -4 - -6. Let i be -3 + 4*2/s. Determine n(i).
8
Let s(n) be the second derivative of -n**4/12 + 7*n**3/6 + 4*n**2 + 189*n. What is s(7)?
8
Let l(q) = q**2 - 14*q. Suppose -2*n = -6*n - 5*x + 38, -3*x - 6 = 0. What is l(n)?
-24
Let x(k) = -k**2 + 5*k + 2. Suppose 5*s - s = 2*s. Suppose s = -5*o + 12 + 3. Give x(o).
8
Let l be -5 + 3/6*24. Let o(j) = j**3 - 7*j**2 - 2*j + 17. Let r be o(l). Let f(u) = -u**3 + 3*u**2 - 1. Determine f(r).
-1
Suppose 8*m - 3*v - 16 = 3*m, 0 = 4*m - v - 10. Let s(k) = 12*k + 3. Let x(c) = -11*c - 2*c + 1 - 5. Let z(f) = m*x(f) + 3*s(f). Calculate z(-1).
-9
Let y(x) = 3*x - 3*x - 20 + 10 + 6 + 2*x. Give y(1).
-2
Let g(l) = -5*l**2 - 55*l - 2. Let j(r) = 7*r**2 + 72*r + 1. Let n(m) = 4*g(m) + 3*j(m). Suppose -21 = -3*q - 0*q. Suppose 0 = f - q + 2. What is n(f)?
0
Suppose 7*y - 33 = 9. Suppose y*d = -23 - 19. Let l(c) = c**3 + 8*c**2 + 7*c + 4. Calculate l(d).
4
Let a(b) be the third derivative of b**5/60 + 7*b**4/24 - b**3/6 - b**2. Let p be (8/(-20)*1)/(2/20) + -3. Calculate a(p).
-1
Let r(g) = g**3 - 5*g**2 + 5*g - 1. Let y(l) = l + 7. Suppose 5*f + 28 = 3. Let h be y(f). Suppose -8*t + 24 = -h*t. Determine r(t).
3
Let g(x) be the second derivative of x**5/20 + x**4/6 - 5*x**3/6 - 2*x**2 + 6*x + 6. Let r = -11 - -8. What is g(r)?
2
Let l(d) be the third der